7. Let a = x - 129. Suppose 4*c + 5*g - a = 62, c - 24 = 3*g. What is the units digit of c?
9
Let c(s) = 5*s**3 - 13*s**2 + 10*s - 13. Let x(p) = p**3 + p + 1. Let j(h) = c(h) - 4*x(h). What is the tens digit of j(13)?
6
Suppose -2*w = -7 + 3. Suppose 0 = v - 2*v + w*a + 49, 2*v - 106 = -4*a. What is the units digit of v?
1
Let n(i) = 2*i - 4. Let z be n(6). Let q = 3 + z. Suppose 3*w = -2*o + 50 + q, -5*o = w - 146. What is the units digit of o?
9
Suppose 5*h - 15 = -2*w, -5*h + w = -3 - 12. Suppose h*d + 175 = 5*g, -2*g - 3*g - 2*d + 175 = 0. What is the tens digit of g?
3
Let a(p) = 1 - 17*p + 18*p + 4. Let t be a(-3). What is the tens digit of (41/t)/(7/14)?
4
Let o = -28 - -47. Let f = 5 + o. What is the tens digit of f?
2
Let f be ((-75)/9)/(1/(-3)). Let v(x) = f*x - 12*x - 14 - 7*x. What is the tens digit of v(7)?
2
Let o be (-6)/(-27) + (-172)/(-36). Suppose -o*d - 55 = -10. Let h(t) = -t**3 - 10*t**2 - 10*t + 10. What is the tens digit of h(d)?
1
Suppose -4 - 14 = 2*i. Let r = -6 - i. What is the units digit of r?
3
Let t = 166 + 74. What is the tens digit of t?
4
Let v(t) = 13*t - 5*t - 2 - t. Let z be v(3). Let w = -3 + z. What is the units digit of w?
6
Let s(o) = 94*o**3 - o**2 - 3*o + 3. Let m(g) = 3*g + 31. Let i be m(-10). What is the units digit of s(i)?
3
Let w be 0/(-2)*(21/6)/(-7). Let f(b) = -b + 281. What is the tens digit of f(w)?
8
Let i(w) = 6*w - 8. Let g be i(6). Let p(d) = d - 5. Let y be p(-6). Let s = y + g. What is the units digit of s?
7
What is the tens digit of 2/(-18) + -1 + 7458/54?
3
Let y = 49 - 111. Let f = -8 - y. What is the units digit of f?
4
Let q = -5 + 3. Let x(j) = -5*j**3 + 4*j - 1. What is the tens digit of x(q)?
3
What is the hundreds digit of (15/2)/((-105)/(-62790))?
4
Let q = -1298 - -2994. What is the thousands digit of q?
1
Let p(i) = 2*i**3 - i**2 - 2*i + 6. Let t be p(2). What is the tens digit of t*(-3 + (-54)/(-14))?
1
Let z(b) = -127*b - 152. What is the hundreds digit of z(-6)?
6
Suppose 91*t - 117*t = -85332. What is the units digit of t?
2
Let t(b) = 0*b + b - 10 + 4*b - b. Suppose -3*a + 11 = 2*n, a + 19 = 4*n + 4*a. What is the units digit of t(n)?
6
Let s(p) = 3*p - 5. Let z be s(-7). Let a = z + 38. What is the units digit of a?
2
Let x = 764 - 280. What is the hundreds digit of x?
4
Suppose 0 = -14*b - 2412 + 8096. What is the units digit of b?
6
What is the units digit of 990/1 + (-6 - -14)?
8
Let z = 4 + -8. Let i be -3 - 8*(z - -3). Suppose 3*u + 5*n - 114 = 0, 5*n - 146 - 44 = -i*u. What is the units digit of u?
8
Suppose 0*a - 4*a + 12 = 0, -15 = 2*w - a. Let v(u) be the first derivative of -u**3/3 - 4*u**2 - u - 4. What is the units digit of v(w)?
1
Suppose -6*m = -m - 480. Let u = -93 - -93. Suppose 4*y = -u*y + m. What is the tens digit of y?
2
Suppose -2*a + 4*o = -20, -a + 0*a = 3*o - 5. Suppose 2*i = 2*s - a, -5*i = -0*s + s - 10. What is the units digit of s?
5
Let m(h) = h**3 + 12*h**2 + 12*h + 17. Let k be m(-10). Suppose 5*t - 83 = k. What is the units digit of t?
6
Suppose -3*m = -4*z + 1735, -4*m + 175 = -2*z + 1035. Suppose d = 5*d - z. What is the tens digit of d?
0
Suppose -2*l + 784 = -262. Suppose 5*f + 4*w = l, -5*w + 4*w + 532 = 5*f. What is the hundreds digit of f?
1
Suppose 2*g - 850 = -74. Let a = -246 + g. What is the units digit of a?
2
Let r(z) = 2*z. Let j be r(2). Suppose -t - 8*b + 4*b = -5, -j*t - 2*b = -6. What is the units digit of t?
1
Let r be -3 + 0 + (-1)/(2/(-60)). What is the units digit of (-9)/r + (-902)/(-6)?
0
Let o be 1/(3/9) - -2. Suppose 2*b + 0*b = 3*a - 73, 67 = 2*a - o*b. What is the tens digit of a?
2
Let f(t) be the first derivative of 8*t**3 - t**2 + t - 6. Suppose -3*h + 13 = -6*h - 4*l, -13 = -h + 3*l. What is the tens digit of f(h)?
2
Let b(f) = f**2. Let y(u) = 5*u**2 - 2*u - 67. Let r(c) = 6*b(c) - y(c). What is the tens digit of r(0)?
6
Let s be (6/3)/(3 - 9)*-42. What is the hundreds digit of (-3032)/(-28) + (-4)/s?
1
Suppose 1184 = 2*h - 2*a, h - 4*h - 4*a + 1797 = 0. What is the tens digit of h?
9
Let m = 433 - 115. What is the hundreds digit of m?
3
Let q(s) = s**2 + 8*s + 8. Let a be q(-6). What is the tens digit of a + (-4 - -69) + 3?
6
Suppose 3*h + 3 = -0. Let t = h + 5. Suppose -22 = -6*l + t*l. What is the units digit of l?
1
Let m(w) = -139*w - 135. What is the tens digit of m(-6)?
9
Suppose 0 = -14*x + 9*x. Suppose x = -4*r - 0*r. Suppose w + o - 46 = r, o = 6*o + 10. What is the units digit of w?
8
Let t = -51 - -30. Let a = t + 77. What is the tens digit of a?
5
What is the tens digit of 2 - 0/2 - (-12336)/48?
5
Let b = -82 - -3055. What is the tens digit of b?
7
What is the tens digit of ((-117)/(-36) - 3)*3676?
1
Suppose 0 = s + s + 216. Let i be (-28)/(-70) - s/5. What is the tens digit of i - (8 - (-12)/(-3))?
1
Let y(m) = -48*m + 4. Suppose 0*g + 4*g = -a - 11, 7 = -2*g - a. Let q be y(g). Suppose 2*r + 2*r = 3*w - q, -3*w = 5*r - 145. What is the tens digit of w?
4
Suppose -2*r + 10 = c, 5*r + 2*c - 9 = 16. Suppose 5*m - 29 = -4*w, 2*m + 7 - 18 = -w. Suppose r*f - 30 = -3*z, z - 3*f - w = -z. What is the units digit of z?
5
Let f(h) = 8*h**3 + 6*h**3 - 13*h - 8*h**2 - 12 - 15*h**3. What is the tens digit of f(-8)?
9
Let b(k) = -k + 3. Let p be b(-3). Suppose -85 = -n + 5*g, -2*g + 190 - 20 = 3*n. Let d = n - p. What is the tens digit of d?
5
Let p = 5 + -11. Let x(l) = l**2 + 4*l - 6. Let v be x(p). Suppose -3*f = 2*g - 21, -2*g = 2*f - v*g - 14. What is the units digit of f?
7
What is the hundreds digit of (-1 + -3 - 429)/(-1)?
4
Suppose 46*d = 44*d + 242. What is the hundreds digit of d?
1
Suppose -5*q + 4*g + 11 = 0, -2*q = -q - 2*g - 1. Suppose q*n - 209 = -47. Let r = -1 + n. What is the tens digit of r?
5
Suppose 5*d - 277 = -2*t, t = d - 5*d + 224. Let m = 112 - d. What is the units digit of m?
5
Let j(c) = -c**3 + 5*c**2 - 3*c + 3. Let g(w) = -9 + 7*w - 12*w**2 + w**2 - 2*w**3 + 2 + 4*w**3. Let r(d) = -6*g(d) - 11*j(d). What is the units digit of r(10)?
9
Let c = 11 + -9. Suppose -c*g - 3*g + 70 = 0. Let m = 22 - g. What is the units digit of m?
8
Let z(r) = r**3 + 7*r**2 + 8 - 21 - 8*r + 6 + 9. Suppose 2*j + 3 = -13. What is the units digit of z(j)?
2
Suppose 2*b + 1140 = 3064. What is the hundreds digit of b?
9
Let x(t) = 0*t**2 + 3*t + t**2 + 2*t + t**2 + 5. Suppose 4 = -q + o + 1, 0 = -3*q + o - 15. What is the tens digit of x(q)?
4
Let t(o) be the third derivative of o**4/6 + o**2. Let g be t(3). Suppose -2*b + 7 = -3*p + 1, -4*b = -3*p - g. What is the units digit of b?
3
Let t(q) be the second derivative of -q**5/20 - q**4/3 - q**3/6 + 3*q**2 - 3*q. What is the tens digit of t(-4)?
1
Let q(a) = 188*a**2 - 16*a + 27. What is the units digit of q(3)?
1
Let h be (36/(-21))/((-18)/63). Let f(i) = -6*i - 10. Let g(a) = a - 1. Let q(b) = -f(b) + 3*g(b). What is the tens digit of q(h)?
6
Suppose 10363 = 3*g - 4*l - 1302, 0 = -3*g - l + 11660. What is the thousands digit of g?
3
Let f = 104 - 52. Suppose -54*y + 146 = -f*y. What is the tens digit of y?
7
Let v be (-24)/(-9) - 4/6. Suppose -c + 38 = -v*p + 4*c, -3*p - 4*c = 80. What is the tens digit of (36/4)/((-4)/p)?
5
Suppose -5*m + 4*m = -189. Suppose -5*z = -5*h + 163 - 473, 2*h + m = 3*z. What is the units digit of z?
5
Let g(d) = -d + 7. Let v(l) = -l**3 + 6*l + 4. Suppose -6*x + 9 = -3*x. Let z be v(x). What is the units digit of g(z)?
2
Suppose -3*l + 0*o + 3*o + 5433 = 0, -4*o - 9056 = -5*l. What is the hundreds digit of l?
8
Suppose -h + 6*h - 5 = 0. Suppose 6*y = 4*y - 12. What is the units digit of y*(3/(-2) - h)?
5
Suppose 700 + 35 = 3*l. Suppose 0 = n + l + 5. What is the units digit of 6/21 + n/(-7)?
6
Let p(d) = -d**3 + 13*d**2 + 31*d - 30. What is the units digit of p(14)?
8
Let d(f) = -f**3 - 5*f**2 - 4*f. Let u be d(-3). Let m = 9 + u. Suppose 0 = -2*y + 4*b + 31 + 9, m*y - 4*b - 62 = 0. What is the tens digit of y?
2
Suppose -5*k = -3*q + 2, k = 5*q + 2*k - 22. Suppose 5*w - 74 = q*p, 2*w + 0*w = 3*p + 24. What is the tens digit of w?
1
Suppose 0 = 6*u - 2*u - 384. Let l = 23 + u. What is the hundreds digit of l?
1
Let s be (-2)/(-17) + 756/(-68). What is the units digit of (-10 + -1)*(-2)/((-2)/s)?
1
Let z be (2 - (7 + -4))*(-682)/2. Suppose 3*k = 2*k - 4*m + z, 959 = 3*k - 4*m. What is the hundreds digit of k?
3
